 3*h. Let w(x) = -x - 2. Let k be w(-13). Calculate the greatest common factor of h and k.
11
Suppose 0 = -0*x + 4*x - 3*s + 70, 0 = -3*s + 6. Let l = 59 + x. Suppose -5*u + 568 = l. What is the highest common factor of 42 and u?
21
Let v = 218 - 128. Let i = -44 + v. Let t be (i - (7 - 2)) + 6/2. Calculate the highest common factor of t and 352.
44
Suppose -3 = -x, 3*x = -4*q + 22 + 3. Suppose b - 10 = 6*b. Let v be (-34)/(-9) - 4*b/36. What is the greatest common divisor of v and q?
4
Let w = 14788 - 14668. What is the greatest common divisor of 2505 and w?
15
Let x be (9 + -57)/(12/(-1578)). What is the highest common factor of 12 and x?
12
Let m be ((-16)/(-10))/(-2)*15/6. Let q be 8*m/(-4)*98/4. What is the greatest common divisor of 112 and q?
14
Let f(q) = -q**2 + 9*q + 7. Let s be f(8). Let p be ((-12)/(-5))/(-5*2/(-25)). Suppose 137*o + p = 139*o. Calculate the greatest common divisor of s and o.
3
Let t = 44046 + -38572. Calculate the highest common factor of t and 85.
17
Let n = -116 + 753. Let x = -5398 + 5447. What is the greatest common factor of x and n?
49
Let j = -6996 + 7001. What is the greatest common factor of 1115 and j?
5
Let z be 615/((15/(-2) + 8)*2). What is the highest common divisor of z and 45?
15
Let a = -20 - -86. Suppose -c = 2*c - 3*g - 27, -25 = 5*g. Suppose -4*k = -2*i - 98, c*k + 4*i - 24 = 2*k. What is the highest common divisor of a and k?
22
Suppose 0 = -3*t + 4*g - 476 + 1006, 4*g = -g + 50. Let j be -6*(2 - (-52)/(-6)). What is the greatest common factor of t and j?
10
Let n be 12 + (-41)/((-164)/152). What is the greatest common divisor of 3025 and n?
25
Let a be (-28200)/(-252) + 14/147. What is the greatest common divisor of 16 and a?
16
Let h(r) be the first derivative of -5 - 5/2*r**2 - 44*r. Let n be h(-12). Calculate the greatest common factor of n and 288.
16
Suppose 3*p + 2*d - 217 = 0, -55*p - 209 = -58*p - 4*d. What is the greatest common factor of p and 5025?
75
Let d = -103 + 105. Suppose -139 = d*v - 179. What is the highest common factor of v and 130?
10
Let o(s) = -s**3 + 14*s - 16. Let i be o(-5). What is the greatest common factor of i and 39?
39
Let v = 582 - 588. Let s(n) = n**3 + 9*n**2 - 4*n - 17. Let u be s(v). Calculate the highest common factor of u and 460.
115
Let c = -2254 - -3570. Suppose 10*v - c = 2044. Calculate the greatest common divisor of v and 126.
42
Suppose -794*l + 934*l - 37100 = 0. What is the highest common divisor of 110 and l?
5
Let c be (270/(-72) + 1)/((-2)/464). What is the highest common factor of c and 110?
22
Suppose 4*c + 6*c = -2*c. Suppose c = -7*r + 5*r + 40. Calculate the greatest common divisor of r and 4.
4
Suppose 4*a - 7 = -5*h + 10, 3*h + 5*a - 5 = 0. Suppose 7*s = h*s + 880. Suppose -s = -9*c - 2*c. What is the greatest common factor of 8 and c?
8
Let t = -151 + 296. Let w(c) = c**2 + c - 1. Suppose 30 = 4*x - 9*x. Let z be w(x). What is the highest common factor of t and z?
29
Let v be 120/100 + (-194)/(-5). What is the greatest common divisor of 5260 and v?
20
Let v be ((-30)/(-25)*-7)/(24/(-80)). What is the highest common factor of 6167 and v?
7
Let i(g) = 3*g**2 - 11 + 17*g + 14*g - 41*g + 20*g. Let m be i(2). Calculate the highest common divisor of 63 and m.
21
Let d(x) = -x + 2. Let h be d(-1). Suppose 5*a - 240 = h*m, a = m + 44 + 2. Let k be 14*(a/6 + 2). What is the greatest common divisor of k and 21?
21
Suppose -5*b = -4*g - 11508, 9208 = 4*b + 31*g - 35*g. What is the highest common divisor of b and 23?
23
Let p be 24*(5 - -5 - (-2)/(4/(-6))). What is the highest common divisor of p and 5376?
168
Let z be 4/10 - (-256)/10. Suppose -79*l - 1979 = -8015 - 1153. What is the greatest common divisor of z and l?
13
Suppose 0 = 5*w + m - 4620, -987 = 3*w - 2*m - 3759. Calculate the greatest common divisor of 588 and w.
84
Suppose 3*k + 80190 = 36*k. What is the greatest common factor of k and 5?
5
Let z(f) = 1. Let n(x) = -2*x - 123. Let k(h) = -2*n(h) + 2*z(h). Let i be k(-29). What is the highest common divisor of 33 and i?
33
Suppose -18*n + 3418 + 3782 = 0. Suppose -4*p = -14*p + n. Calculate the highest common factor of p and 130.
10
Let n(p) = p**3 + 51*p**2 - 107*p - 4. Let r be n(-53). What is the greatest common divisor of r and 7987?
49
Let u(h) = 2*h + 0*h + 39 - 14. Suppose 25 = -4*g + x, -x - 4 = g - 2*x. Let y be u(g). What is the highest common divisor of 33 and y?
11
Let s be 870/(-696)*64/(-10). Suppose 0*k - 4*o = 4*k - 180, -k = -5*o - 15. Calculate the highest common divisor of k and s.
8
Let r be 15/(-10) + 155/90 - (-54770)/18. Calculate the greatest common divisor of r and 119.
17
Let y(t) = 2*t**3 - 31*t**2 - 14*t - 3. Suppose -262 + 150 = -7*c. Let v be y(c). Let p = 265 + 54. What is the greatest common factor of v and p?
29
Let o(t) = -t**2 - 27*t + 460. Let r be o(0). Calculate the highest common factor of 5 and r.
5
Let i be 2 + (-8)/(88/(-77)). What is the greatest common factor of i and 207?
9
Let o(y) = -2*y - 17. Let l(d) = -d**3 - 10*d**2 - 12*d + 21. Let j be l(-8). Let z be o(j). What is the greatest common divisor of 5 and z?
5
Let u be ((-3)/(-9))/(4/11388). Suppose -u = -9*n + 275. What is the highest common factor of n and 204?
68
Suppose -17*g + 4*g - 5472 = -85*g. What is the greatest common factor of 11856 and g?
76
Suppose 4*r + 108 = 3*q - 7*q, 5*q + 149 = 2*r. Let w = -9 - q. Suppose 3*k = -24, -4*k - 192 = -66*m + 58*m. What is the greatest common divisor of m and w?
20
Suppose -6*r + 23 = -2*r - 37. What is the greatest common factor of r and 1215?
15
Let a(q) = -4*q**2 - 45*q - 13. Let z be a(-11). Let l be (4/1)/z*132/(-33). What is the highest common divisor of 424 and l?
8
Let d(k) = -6*k**2 + 6 - 49*k - 18 + 53*k - k**3. Let b = 17 + -24. Let o be d(b). What is the highest common factor of 72 and o?
9
Let w be (176/(-32))/(10/35*2/(-96)). What is the highest common factor of w and 1281?
21
Let f(w) = -3 - 6*w - 5 + 6. Let p be f(-1). Suppose p*o = 237 + 23. Calculate the greatest common divisor of 13 and o.
13
Suppose -4*p + 48 = -4*v - 0*v, v - 10 = -p. Let j(k) = 13*k + 8. Let t be j(-3). Let w = t - -119. What is the highest common divisor of p and w?
11
Suppose 30*y = -y + 217. Suppose y*p - 2614 = -374. Calculate the greatest common factor of 10 and p.
10
Let n = 10778 - 10519. Calculate the greatest common factor of n and 3441.
37
Let s(l) = -173*l + 5739. Let t be s(33). Calculate the highest common factor of t and 7060.
10
Let w = -1065610 - -1065666. Let p = -765 - -1115. What is the greatest common divisor of w and p?
14
Let z(o) = 4 - 18 + 2*o + 6 - o. Let d be z(11). Suppose -6*a - d*a = -72. What is the greatest common divisor of a and 20?
4
Let n be (5 + -9 - (-820)/(-5 - -9)) + -2. What is the greatest common factor of 8 and n?
1
Let d = -82348 + 124896. Calculate the greatest common divisor of 11 and d.
11
Let y be (-27)/(-81) + (-7)/(105/(-25)) - -158. What is the greatest common divisor of 95 and y?
5
Let h(t) = t**3 + 15*t**2 - 6*t + 10. Let u be h(-11). Let l(i) = 2*i**2 - 184*i + 1817. Let o be l(11). What is the greatest common divisor of u and o?
35
Let c = 48 - 73. Let y = 28 + c. Suppose -y*x + 6*n + 43 = 5*n, -5*x + 90 = 2*n. Calculate the greatest common factor of x and 32.
16
Let p(m) = 10*m**3 + 12 + 25 - 3*m - 32. Let i be p(1). Calculate the greatest common divisor of i and 108.
12
Let q = -13 + 29. Suppose j = -5*z - 23, 2*j + 3*j - z = 15. Suppose 70 = 4*l + 3*u, u - 26 = -j*l + 8. Calculate the highest common factor of l and q.
16
Let x = 9 - -3. Let u(f) = -7*f**2 + 4*f - 7. Let y be u(-5). Let r = -198 - y. What is the greatest common divisor of r and x?
4
Let y = -3448 + 3678. Calculate the highest common factor of 60 and y.
10
Suppose 159 = q - 21. Let d = -171 + q. What is the highest common divisor of 45 and d?
9
Let y(l) = -432*l - 3186. Let r be y(-10). What is the greatest common factor of 1386 and r?
126
Suppose 293*r - 340*r + 611 = 0. What is the greatest common factor of r and 9?
1
Let d(p) = -5*p - 38. Let f = 11 + -20. Let k be d(f). Suppose 0 = -3*o + 12, 4*v = k*v - o - 26. What is the highest common divisor of 20 and v?
10
Let a = -107 - -72. Let l = a + 371. Let o = 83848 - 83832. Calculate the greatest common divisor of o and 